{"id":6427,"date":"2023-03-22T18:22:09","date_gmt":"2023-03-22T15:22:09","guid":{"rendered":"https:\/\/www.anadoluictasyalitim.com\/?page_id=6427"},"modified":"2023-04-02T07:02:05","modified_gmt":"2023-04-02T04:02:05","slug":"aluminyum-folyo-kapli-hpe-silteler","status":"publish","type":"page","link":"https:\/\/www.anadoluictasyalitim.com\/index.php\/aluminyum-folyo-kapli-hpe-silteler\/","title":{"rendered":"Al\u00fcminyum Folyo Kapl\u0131 HPE \u015eilteler"},"content":{"rendered":"\t\t<div data-elementor-type=\"wp-page\" data-elementor-id=\"6427\" class=\"elementor elementor-6427\">\n\t\t\t\t\t\t\t\t\t<section class=\"elementor-section elementor-top-section elementor-element elementor-element-7ab6f63 elementor-section-boxed elementor-section-height-default elementor-section-height-default\" data-id=\"7ab6f63\" data-element_type=\"section\">\n\t\t\t\t\t\t<div class=\"elementor-container elementor-column-gap-default\">\n\t\t\t\t\t<div class=\"elementor-column elementor-col-100 elementor-top-column elementor-element elementor-element-e8a90ca\" data-id=\"e8a90ca\" data-element_type=\"column\">\n\t\t\t<div class=\"elementor-widget-wrap elementor-element-populated\">\n\t\t\t\t\t\t\t\t<div class=\"elementor-element elementor-element-6469b9e elementor-headline--style-highlight elementor-widget elementor-widget-animated-headline\" data-id=\"6469b9e\" data-element_type=\"widget\" data-settings=\"{&quot;marker&quot;:&quot;underline&quot;,&quot;highlighted_text&quot;:&quot;Al\\u00fcminyum Folyo Kapl\\u0131 HPE \\u015eilte&quot;,&quot;headline_style&quot;:&quot;highlight&quot;,&quot;loop&quot;:&quot;yes&quot;,&quot;highlight_animation_duration&quot;:1200,&quot;highlight_iteration_delay&quot;:8000}\" data-widget_type=\"animated-headline.default\">\n\t\t\t\t<div class=\"elementor-widget-container\">\n\t\t\t<link rel=\"stylesheet\" href=\"https:\/\/www.anadoluictasyalitim.com\/wp-content\/plugins\/elementor-pro\/assets\/css\/widget-animated-headline.min.css\">\t\t<h3 class=\"elementor-headline\">\n\t\t\t\t<span class=\"elementor-headline-dynamic-wrapper elementor-headline-text-wrapper\">\n\t\t\t\t\t<span class=\"elementor-headline-dynamic-text elementor-headline-text-active\">Al\u00fcminyum Folyo Kapl\u0131 HPE \u015eilte<\/span>\n\t\t\t\t<\/span>\n\t\t\t\t<\/h3>\n\t\t\t\t<\/div>\n\t\t\t\t<\/div>\n\t\t\t\t\t<\/div>\n\t\t<\/div>\n\t\t\t\t\t\t\t<\/div>\n\t\t<\/section>\n\t\t\t\t<section class=\"elementor-section elementor-top-section elementor-element elementor-element-e9e6d00 elementor-section-boxed elementor-section-height-default elementor-section-height-default\" data-id=\"e9e6d00\" data-element_type=\"section\">\n\t\t\t\t\t\t<div class=\"elementor-container elementor-column-gap-default\">\n\t\t\t\t\t<div class=\"elementor-column elementor-col-33 elementor-top-column elementor-element elementor-element-72809c2\" data-id=\"72809c2\" data-element_type=\"column\">\n\t\t\t<div class=\"elementor-widget-wrap\">\n\t\t\t\t\t\t\t\t\t<\/div>\n\t\t<\/div>\n\t\t\t\t<div class=\"elementor-column elementor-col-33 elementor-top-column elementor-element elementor-element-5a66918\" data-id=\"5a66918\" data-element_type=\"column\">\n\t\t\t<div class=\"elementor-widget-wrap elementor-element-populated\">\n\t\t\t\t\t\t\t\t<div class=\"elementor-element elementor-element-8dedf14 elementor-widget elementor-widget-image\" data-id=\"8dedf14\" data-element_type=\"widget\" data-widget_type=\"image.default\">\n\t\t\t\t<div class=\"elementor-widget-container\">\n\t\t\t<style>\/*! elementor - v3.12.1 - 02-04-2023 *\/\n.elementor-widget-image{text-align:center}.elementor-widget-image a{display:inline-block}.elementor-widget-image a img[src$=\".svg\"]{width:48px}.elementor-widget-image img{vertical-align:middle;display:inline-block}<\/style>\t\t\t\t\t\t\t\t\t\t\t\t<img loading=\"lazy\" decoding=\"async\" width=\"800\" height=\"600\" src=\"https:\/\/www.anadoluictasyalitim.com\/wp-content\/uploads\/2023\/04\/hpe-silte.png\" class=\"attachment-large size-large wp-image-6536\" alt=\"\" srcset=\"https:\/\/www.anadoluictasyalitim.com\/wp-content\/uploads\/2023\/04\/hpe-silte.png 800w, https:\/\/www.anadoluictasyalitim.com\/wp-content\/uploads\/2023\/04\/hpe-silte-300x225.png 300w, https:\/\/www.anadoluictasyalitim.com\/wp-content\/uploads\/2023\/04\/hpe-silte-768x576.png 768w\" sizes=\"auto, (max-width: 800px) 100vw, 800px\" \/>\t\t\t\t\t\t\t\t\t\t\t\t\t\t\t<\/div>\n\t\t\t\t<\/div>\n\t\t\t\t\t<\/div>\n\t\t<\/div>\n\t\t\t\t<div class=\"elementor-column elementor-col-33 elementor-top-column elementor-element elementor-element-ca35063\" data-id=\"ca35063\" data-element_type=\"column\">\n\t\t\t<div class=\"elementor-widget-wrap\">\n\t\t\t\t\t\t\t\t\t<\/div>\n\t\t<\/div>\n\t\t\t\t\t\t\t<\/div>\n\t\t<\/section>\n\t\t\t\t<section class=\"elementor-section elementor-top-section elementor-element elementor-element-63b68fc elementor-section-boxed elementor-section-height-default elementor-section-height-default\" data-id=\"63b68fc\" data-element_type=\"section\">\n\t\t\t\t\t\t<div class=\"elementor-container elementor-column-gap-default\">\n\t\t\t\t\t<div class=\"elementor-column elementor-col-100 elementor-top-column elementor-element elementor-element-82c85f5\" data-id=\"82c85f5\" data-element_type=\"column\">\n\t\t\t<div class=\"elementor-widget-wrap elementor-element-populated\">\n\t\t\t\t\t\t\t\t<div class=\"elementor-element elementor-element-02b425c elementor-widget elementor-widget-accordion\" data-id=\"02b425c\" data-element_type=\"widget\" data-widget_type=\"accordion.default\">\n\t\t\t\t<div class=\"elementor-widget-container\">\n\t\t\t<style>\/*! elementor - v3.12.1 - 02-04-2023 *\/\n.elementor-accordion{text-align:left}.elementor-accordion .elementor-accordion-item{border:1px solid #d5d8dc}.elementor-accordion .elementor-accordion-item+.elementor-accordion-item{border-top:none}.elementor-accordion .elementor-tab-title{margin:0;padding:15px 20px;font-weight:700;line-height:1;cursor:pointer;outline:none}.elementor-accordion .elementor-tab-title .elementor-accordion-icon{display:inline-block;width:1.5em}.elementor-accordion .elementor-tab-title .elementor-accordion-icon svg{width:1em;height:1em}.elementor-accordion .elementor-tab-title .elementor-accordion-icon.elementor-accordion-icon-right{float:right;text-align:right}.elementor-accordion .elementor-tab-title .elementor-accordion-icon.elementor-accordion-icon-left{float:left;text-align:left}.elementor-accordion .elementor-tab-title .elementor-accordion-icon .elementor-accordion-icon-closed{display:block}.elementor-accordion .elementor-tab-title .elementor-accordion-icon .elementor-accordion-icon-opened,.elementor-accordion .elementor-tab-title.elementor-active .elementor-accordion-icon-closed{display:none}.elementor-accordion .elementor-tab-title.elementor-active .elementor-accordion-icon-opened{display:block}.elementor-accordion .elementor-tab-content{display:none;padding:15px 20px;border-top:1px solid #d5d8dc}@media (max-width:767px){.elementor-accordion .elementor-tab-title{padding:12px 15px}.elementor-accordion .elementor-tab-title .elementor-accordion-icon{width:1.2em}.elementor-accordion .elementor-tab-content{padding:7px 15px}}.e-con-inner>.elementor-widget-accordion,.e-con>.elementor-widget-accordion{width:var(--container-widget-width);--flex-grow:var(--container-widget-flex-grow)}<\/style>\t\t<div class=\"elementor-accordion\" role=\"tablist\">\n\t\t\t\t\t\t\t<div class=\"elementor-accordion-item\">\n\t\t\t\t\t<div id=\"elementor-tab-title-2831\" class=\"elementor-tab-title\" data-tab=\"1\" role=\"tab\" aria-controls=\"elementor-tab-content-2831\" aria-expanded=\"false\">\n\t\t\t\t\t\t\t\t\t\t\t\t\t<span class=\"elementor-accordion-icon elementor-accordion-icon-left\" aria-hidden=\"true\">\n\t\t\t\t\t\t\t\t\t\t\t\t\t\t\t<span class=\"elementor-accordion-icon-closed\"><i class=\"fas fa-plus\"><\/i><\/span>\n\t\t\t\t\t\t\t\t<span class=\"elementor-accordion-icon-opened\"><i class=\"fas fa-minus\"><\/i><\/span>\n\t\t\t\t\t\t\t\t\t\t\t\t\t\t<\/span>\n\t\t\t\t\t\t\t\t\t\t\t\t<a class=\"elementor-accordion-title\" href=\"\">\u015eilte Nedir ?<\/a>\n\t\t\t\t\t<\/div>\n\t\t\t\t\t<div id=\"elementor-tab-content-2831\" class=\"elementor-tab-content elementor-clearfix\" data-tab=\"1\" role=\"tabpanel\" aria-labelledby=\"elementor-tab-title-2831\"><div id=\"AnKAY9L6Ov2G9u8Pp6u5iA0__3\"><div class=\"wDYxhc\" data-md=\"61\"><div class=\"LGOjhe\" role=\"heading\" data-attrid=\"wa:\/description\" aria-level=\"3\" data-hveid=\"CAYQAA\"><p>\u0130n\u015faat alan\u0131nda da s\u0131k s\u0131k tercih edilen \u015filteler, zemin sa\u011flaml\u0131\u011f\u0131 ve \u00e7e\u015fitli hatalar\u0131 \u00f6nledi\u011fi d\u00fc\u015f\u00fcn\u00fclerek tercih edilmektedir. Tercih edilen \u015filtenin kalitesi ne kadar y\u00fcksek ise sundu\u011fu avantajlar ve korumalarda ayn\u0131 oranda artmaktad\u0131r.<\/p><p>\u015eilte kullan\u0131m iste\u011fi ve ama\u00e7lar\u0131na g\u00f6re de\u011fi\u015fiklikler g\u00f6stermektedir.\u00a0<a href=\"https:\/\/www.akustikkontrol.com\/ses-yalitimi\/\" data-wpel-link=\"internal\"><strong>Ses yal\u0131t\u0131m\u0131<\/strong><\/a>\u00a0alan\u0131nda etkili oldu\u011fu gibi laminat parke d\u00f6\u015fenecek alanlarda zemin ve parke aras\u0131ndaki ba\u011flant\u0131 i\u00e7in tercih edilebilmektedir. Nem ve rutubet kim rahats\u0131z edici durumlar\u0131 engellemek ad\u0131na da \u00e7e\u015fitli avantajlar i\u00e7eren \u015eilte ayr\u0131ca parkelerinizin daha uzun \u00f6m\u00fcrl\u00fc kullan\u0131lmas\u0131na katk\u0131da bulunmaktad\u0131r. \u00d6zellikle ses yal\u0131t\u0131m\u0131 alan\u0131nda da etkisi s\u00f6z konusu olan bu madde bir\u00e7ok avantajlar\u0131 kolayca sunmaktad\u0131r.<\/p><\/div><\/div><\/div><\/div>\n\t\t\t\t<\/div>\n\t\t\t\t\t\t\t<div class=\"elementor-accordion-item\">\n\t\t\t\t\t<div id=\"elementor-tab-title-2832\" class=\"elementor-tab-title\" data-tab=\"2\" role=\"tab\" aria-controls=\"elementor-tab-content-2832\" aria-expanded=\"false\">\n\t\t\t\t\t\t\t\t\t\t\t\t\t<span class=\"elementor-accordion-icon elementor-accordion-icon-left\" aria-hidden=\"true\">\n\t\t\t\t\t\t\t\t\t\t\t\t\t\t\t<span class=\"elementor-accordion-icon-closed\"><i class=\"fas fa-plus\"><\/i><\/span>\n\t\t\t\t\t\t\t\t<span class=\"elementor-accordion-icon-opened\"><i class=\"fas fa-minus\"><\/i><\/span>\n\t\t\t\t\t\t\t\t\t\t\t\t\t\t<\/span>\n\t\t\t\t\t\t\t\t\t\t\t\t<a class=\"elementor-accordion-title\" href=\"\">\u015eilte Ne \u0130\u015fe Yarar ?<\/a>\n\t\t\t\t\t<\/div>\n\t\t\t\t\t<div id=\"elementor-tab-content-2832\" class=\"elementor-tab-content elementor-clearfix\" data-tab=\"2\" role=\"tabpanel\" aria-labelledby=\"elementor-tab-title-2832\"><div id=\"AnKAY9L6Ov2G9u8Pp6u5iA0__6\"><div class=\"wDYxhc\" data-md=\"61\"><div class=\"LGOjhe\" role=\"heading\" data-attrid=\"wa:\/description\" aria-level=\"3\" data-hveid=\"CAUQAA\"><p><strong>Ses yal\u0131t\u0131m\u0131 malzemeleri<\/strong>\u00a0aras\u0131nda s\u0131k\u00e7a tercih edilen parke \u015filtesi, ses kay\u0131plar\u0131n\u0131 engellemek ve insanlar\u0131 rahats\u0131z eden g\u00fcr\u00fclt\u00fc sorununu ortadan kald\u0131rmak ad\u0131na kullan\u0131lmaktad\u0131r. \u0130\u00e7erdi\u011fi yap\u0131sal \u00f6zellikleri ile y\u00fcksek oranda ses yal\u0131t\u0131m\u0131 sunmas\u0131 gerek ev gerekse i\u015f alanlar\u0131m\u0131zda rahats\u0131z edici g\u00fcr\u00fclt\u00fclerin \u00f6n\u00fcne ge\u00e7mek ad\u0131na birebirdir.<\/p><p><strong>Parke alt\u0131 \u015filtesi uygulanma \u015fekli ise ,<\/strong>\u00a0parke ve yer d\u00f6\u015femelerinin alt b\u00f6l\u00fcm\u00fcne yap\u0131lmaktad\u0131r. Mevcut parke ve zemin aras\u0131ndaki var olan bo\u015fluklar\u0131 doldurarak parkenin daha kullan\u0131\u015fl\u0131 ve uzun \u00f6m\u00fcrl\u00fc olmas\u0131na olanak sa\u011flamaktad\u0131r.<strong>\u00a0Parke alt\u0131na \u015filte d\u00f6\u015fenmesinin nedeni<\/strong>\u00a0zemin ve parke aras\u0131ndaki ba\u011flant\u0131y\u0131 olu\u015fturmakt\u0131r.<\/p><p><strong>\u015eilte\u00a0<\/strong>veyahut di\u011fer bilinen ad\u0131 ile\u00a0<strong>parke \u015filtesi<\/strong>, ses ve \u0131s\u0131 yal\u0131t\u0131m\u0131 gibi i\u015flemlerin ger\u00e7ekle\u015ftirilmesi ad\u0131na parkelerin alt\u0131na serilerek kullan\u0131lan, uygulanmas\u0131 olduk\u00e7a kolay ve yararl\u0131\u00a0<strong>ses yal\u0131t\u0131m malzemeleri<\/strong>nden birisidir. Ses yal\u0131t\u0131m alan\u0131nda sundu\u011fu yararlar\u0131 ile y\u00fcksek tercih oran\u0131na sahip\u00a0<strong>parke \u015filte<\/strong>, olduk\u00e7a g\u00fc\u00e7l\u00fc ve dayan\u0131kl\u0131 bir yap\u0131ya sahiptir.<\/p><\/div><\/div><\/div><\/div>\n\t\t\t\t<\/div>\n\t\t\t\t\t\t\t\t<\/div>\n\t\t\t\t<\/div>\n\t\t\t\t<\/div>\n\t\t\t\t\t<\/div>\n\t\t<\/div>\n\t\t\t\t\t\t\t<\/div>\n\t\t<\/section>\n\t\t\t\t\t\t\t<\/div>\n\t\t","protected":false},"excerpt":{"rendered":"<p>Al\u00fcminyum Folyo Kapl\u0131 HPE \u015eilte \u015eilte Nedir ? \u0130n\u015faat alan\u0131nda da s\u0131k s\u0131k tercih edilen \u015filteler, zemin sa\u011flaml\u0131\u011f\u0131 ve \u00e7e\u015fitli [&hellip;]<\/p>\n","protected":false},"author":1,"featured_media":0,"parent":0,"menu_order":0,"comment_status":"closed","ping_status":"closed","template":"","meta":{"footnotes":""},"class_list":["post-6427","page","type-page","status-publish","hentry"],"yoast_head":"<!-- This site is optimized with the Yoast SEO plugin v20.5 - https:\/\/yoast.com\/wordpress\/plugins\/seo\/ -->\n<title>Al\u00fcminyum Folyo Kapl\u0131 HPE \u015eilteler - Anadolu \u0130\u00e7ta\u015f End\u00fcstriyel Yal\u0131t\u0131m San. Tic. Ltd. \u015eti.<\/title>\n<meta name=\"robots\" content=\"index, follow, max-snippet:-1, max-image-preview:large, max-video-preview:-1\" \/>\n<link rel=\"canonical\" href=\"https:\/\/www.anadoluictasyalitim.com\/index.php\/aluminyum-folyo-kapli-hpe-silteler\/\" \/>\n<meta property=\"og:locale\" content=\"tr_TR\" \/>\n<meta property=\"og:type\" content=\"article\" \/>\n<meta property=\"og:title\" content=\"Al\u00fcminyum Folyo Kapl\u0131 HPE \u015eilteler - Anadolu \u0130\u00e7ta\u015f End\u00fcstriyel Yal\u0131t\u0131m San. Tic. Ltd. \u015eti.\" \/>\n<meta property=\"og:description\" content=\"Al\u00fcminyum Folyo Kapl\u0131 HPE \u015eilte \u015eilte Nedir ? \u0130n\u015faat alan\u0131nda da s\u0131k s\u0131k tercih edilen \u015filteler, zemin sa\u011flaml\u0131\u011f\u0131 ve \u00e7e\u015fitli [&hellip;]\" \/>\n<meta property=\"og:url\" content=\"https:\/\/www.anadoluictasyalitim.com\/index.php\/aluminyum-folyo-kapli-hpe-silteler\/\" \/>\n<meta property=\"og:site_name\" content=\"Anadolu \u0130\u00e7ta\u015f End\u00fcstriyel Yal\u0131t\u0131m San. Tic. Ltd. \u015eti.\" \/>\n<meta property=\"article:modified_time\" content=\"2023-04-02T04:02:05+00:00\" \/>\n<meta property=\"og:image\" content=\"https:\/\/www.anadoluictasyalitim.com\/wp-content\/uploads\/2023\/04\/hpe-silte.png\" \/>\n<meta name=\"twitter:card\" content=\"summary_large_image\" \/>\n<meta name=\"twitter:label1\" content=\"Tahmini okuma s\u00fcresi\" \/>\n\t<meta name=\"twitter:data1\" content=\"2 dakika\" \/>\n<script type=\"application\/ld+json\" class=\"yoast-schema-graph\">{\"@context\":\"https:\/\/schema.org\",\"@graph\":[{\"@type\":\"WebPage\",\"@id\":\"https:\/\/www.anadoluictasyalitim.com\/index.php\/aluminyum-folyo-kapli-hpe-silteler\/\",\"url\":\"https:\/\/www.anadoluictasyalitim.com\/index.php\/aluminyum-folyo-kapli-hpe-silteler\/\",\"name\":\"Al\u00fcminyum Folyo Kapl\u0131 HPE \u015eilteler - Anadolu \u0130\u00e7ta\u015f End\u00fcstriyel Yal\u0131t\u0131m San. Tic. Ltd. \u015eti.\",\"isPartOf\":{\"@id\":\"https:\/\/www.anadoluictasyalitim.com\/#website\"},\"datePublished\":\"2023-03-22T15:22:09+00:00\",\"dateModified\":\"2023-04-02T04:02:05+00:00\",\"breadcrumb\":{\"@id\":\"https:\/\/www.anadoluictasyalitim.com\/index.php\/aluminyum-folyo-kapli-hpe-silteler\/#breadcrumb\"},\"inLanguage\":\"tr\",\"potentialAction\":[{\"@type\":\"ReadAction\",\"target\":[\"https:\/\/www.anadoluictasyalitim.com\/index.php\/aluminyum-folyo-kapli-hpe-silteler\/\"]}]},{\"@type\":\"BreadcrumbList\",\"@id\":\"https:\/\/www.anadoluictasyalitim.com\/index.php\/aluminyum-folyo-kapli-hpe-silteler\/#breadcrumb\",\"itemListElement\":[{\"@type\":\"ListItem\",\"position\":1,\"name\":\"Anasayfa\",\"item\":\"https:\/\/www.anadoluictasyalitim.com\/\"},{\"@type\":\"ListItem\",\"position\":2,\"name\":\"Al\u00fcminyum Folyo Kapl\u0131 HPE \u015eilteler\"}]},{\"@type\":\"WebSite\",\"@id\":\"https:\/\/www.anadoluictasyalitim.com\/#website\",\"url\":\"https:\/\/www.anadoluictasyalitim.com\/\",\"name\":\"Anadolu \u0130\u00e7ta\u015f End\u00fcstriyel Yal\u0131t\u0131m San. Tic. Ltd. \u015eti.\",\"description\":\"\",\"publisher\":{\"@id\":\"https:\/\/www.anadoluictasyalitim.com\/#organization\"},\"potentialAction\":[{\"@type\":\"SearchAction\",\"target\":{\"@type\":\"EntryPoint\",\"urlTemplate\":\"https:\/\/www.anadoluictasyalitim.com\/?s={search_term_string}\"},\"query-input\":\"required name=search_term_string\"}],\"inLanguage\":\"tr\"},{\"@type\":\"Organization\",\"@id\":\"https:\/\/www.anadoluictasyalitim.com\/#organization\",\"name\":\"Anadolu \u0130\u00e7ta\u015f End\u00fcstriyel Yal\u0131t\u0131m San. Tic. Ltd. \u015eti.\",\"url\":\"https:\/\/www.anadoluictasyalitim.com\/\",\"logo\":{\"@type\":\"ImageObject\",\"inLanguage\":\"tr\",\"@id\":\"https:\/\/www.anadoluictasyalitim.com\/#\/schema\/logo\/image\/\",\"url\":\"https:\/\/www.anadoluictasyalitim.com\/wp-content\/uploads\/2023\/02\/WhatsApp_Image_2023-02-16_at_16.45.54-removebg-preview.png\",\"contentUrl\":\"https:\/\/www.anadoluictasyalitim.com\/wp-content\/uploads\/2023\/02\/WhatsApp_Image_2023-02-16_at_16.45.54-removebg-preview.png\",\"width\":436,\"height\":136,\"caption\":\"Anadolu \u0130\u00e7ta\u015f End\u00fcstriyel Yal\u0131t\u0131m San. Tic. Ltd. \u015eti.\"},\"image\":{\"@id\":\"https:\/\/www.anadoluictasyalitim.com\/#\/schema\/logo\/image\/\"}}]}<\/script>\n<!-- \/ Yoast SEO plugin. -->","yoast_head_json":{"title":"Al\u00fcminyum Folyo Kapl\u0131 HPE \u015eilteler - Anadolu \u0130\u00e7ta\u015f End\u00fcstriyel Yal\u0131t\u0131m San. Tic. Ltd. \u015eti.","robots":{"index":"index","follow":"follow","max-snippet":"max-snippet:-1","max-image-preview":"max-image-preview:large","max-video-preview":"max-video-preview:-1"},"canonical":"https:\/\/www.anadoluictasyalitim.com\/index.php\/aluminyum-folyo-kapli-hpe-silteler\/","og_locale":"tr_TR","og_type":"article","og_title":"Al\u00fcminyum Folyo Kapl\u0131 HPE \u015eilteler - Anadolu \u0130\u00e7ta\u015f End\u00fcstriyel Yal\u0131t\u0131m San. Tic. Ltd. \u015eti.","og_description":"Al\u00fcminyum Folyo Kapl\u0131 HPE \u015eilte \u015eilte Nedir ? \u0130n\u015faat alan\u0131nda da s\u0131k s\u0131k tercih edilen \u015filteler, zemin sa\u011flaml\u0131\u011f\u0131 ve \u00e7e\u015fitli [&hellip;]","og_url":"https:\/\/www.anadoluictasyalitim.com\/index.php\/aluminyum-folyo-kapli-hpe-silteler\/","og_site_name":"Anadolu \u0130\u00e7ta\u015f End\u00fcstriyel Yal\u0131t\u0131m San. Tic. Ltd. \u015eti.","article_modified_time":"2023-04-02T04:02:05+00:00","og_image":[{"url":"https:\/\/www.anadoluictasyalitim.com\/wp-content\/uploads\/2023\/04\/hpe-silte.png"}],"twitter_card":"summary_large_image","twitter_misc":{"Tahmini okuma s\u00fcresi":"2 dakika"},"schema":{"@context":"https:\/\/schema.org","@graph":[{"@type":"WebPage","@id":"https:\/\/www.anadoluictasyalitim.com\/index.php\/aluminyum-folyo-kapli-hpe-silteler\/","url":"https:\/\/www.anadoluictasyalitim.com\/index.php\/aluminyum-folyo-kapli-hpe-silteler\/","name":"Al\u00fcminyum Folyo Kapl\u0131 HPE \u015eilteler - Anadolu \u0130\u00e7ta\u015f End\u00fcstriyel Yal\u0131t\u0131m San. Tic. Ltd. \u015eti.","isPartOf":{"@id":"https:\/\/www.anadoluictasyalitim.com\/#website"},"datePublished":"2023-03-22T15:22:09+00:00","dateModified":"2023-04-02T04:02:05+00:00","breadcrumb":{"@id":"https:\/\/www.anadoluictasyalitim.com\/index.php\/aluminyum-folyo-kapli-hpe-silteler\/#breadcrumb"},"inLanguage":"tr","potentialAction":[{"@type":"ReadAction","target":["https:\/\/www.anadoluictasyalitim.com\/index.php\/aluminyum-folyo-kapli-hpe-silteler\/"]}]},{"@type":"BreadcrumbList","@id":"https:\/\/www.anadoluictasyalitim.com\/index.php\/aluminyum-folyo-kapli-hpe-silteler\/#breadcrumb","itemListElement":[{"@type":"ListItem","position":1,"name":"Anasayfa","item":"https:\/\/www.anadoluictasyalitim.com\/"},{"@type":"ListItem","position":2,"name":"Al\u00fcminyum Folyo Kapl\u0131 HPE \u015eilteler"}]},{"@type":"WebSite","@id":"https:\/\/www.anadoluictasyalitim.com\/#website","url":"https:\/\/www.anadoluictasyalitim.com\/","name":"Anadolu \u0130\u00e7ta\u015f End\u00fcstriyel Yal\u0131t\u0131m San. Tic. Ltd. \u015eti.","description":"","publisher":{"@id":"https:\/\/www.anadoluictasyalitim.com\/#organization"},"potentialAction":[{"@type":"SearchAction","target":{"@type":"EntryPoint","urlTemplate":"https:\/\/www.anadoluictasyalitim.com\/?s={search_term_string}"},"query-input":"required name=search_term_string"}],"inLanguage":"tr"},{"@type":"Organization","@id":"https:\/\/www.anadoluictasyalitim.com\/#organization","name":"Anadolu \u0130\u00e7ta\u015f End\u00fcstriyel Yal\u0131t\u0131m San. Tic. Ltd. \u015eti.","url":"https:\/\/www.anadoluictasyalitim.com\/","logo":{"@type":"ImageObject","inLanguage":"tr","@id":"https:\/\/www.anadoluictasyalitim.com\/#\/schema\/logo\/image\/","url":"https:\/\/www.anadoluictasyalitim.com\/wp-content\/uploads\/2023\/02\/WhatsApp_Image_2023-02-16_at_16.45.54-removebg-preview.png","contentUrl":"https:\/\/www.anadoluictasyalitim.com\/wp-content\/uploads\/2023\/02\/WhatsApp_Image_2023-02-16_at_16.45.54-removebg-preview.png","width":436,"height":136,"caption":"Anadolu \u0130\u00e7ta\u015f End\u00fcstriyel Yal\u0131t\u0131m San. Tic. Ltd. \u015eti."},"image":{"@id":"https:\/\/www.anadoluictasyalitim.com\/#\/schema\/logo\/image\/"}}]}},"_links":{"self":[{"href":"https:\/\/www.anadoluictasyalitim.com\/index.php\/wp-json\/wp\/v2\/pages\/6427","targetHints":{"allow":["GET"]}}],"collection":[{"href":"https:\/\/www.anadoluictasyalitim.com\/index.php\/wp-json\/wp\/v2\/pages"}],"about":[{"href":"https:\/\/www.anadoluictasyalitim.com\/index.php\/wp-json\/wp\/v2\/types\/page"}],"author":[{"embeddable":true,"href":"https:\/\/www.anadoluictasyalitim.com\/index.php\/wp-json\/wp\/v2\/users\/1"}],"replies":[{"embeddable":true,"href":"https:\/\/www.anadoluictasyalitim.com\/index.php\/wp-json\/wp\/v2\/comments?post=6427"}],"version-history":[{"count":10,"href":"https:\/\/www.anadoluictasyalitim.com\/index.php\/wp-json\/wp\/v2\/pages\/6427\/revisions"}],"predecessor-version":[{"id":6596,"href":"https:\/\/www.anadoluictasyalitim.com\/index.php\/wp-json\/wp\/v2\/pages\/6427\/revisions\/6596"}],"wp:attachment":[{"href":"https:\/\/www.anadoluictasyalitim.com\/index.php\/wp-json\/wp\/v2\/media?parent=6427"}],"curies":[{"name":"wp","href":"https:\/\/api.w.org\/{rel}","templated":true}]}}